/20 - (-70)/4?
16
Let u = -215 - -332. What is the remainder when u is divided by 17?
15
Let c(v) = 2 - 5*v**2 + 0*v**3 - v**3 + 0*v**2 - 4*v. Let z = 3 + 2. What is the remainder when z is divided by c(-4)?
1
Suppose 5*q - r = -0*q - 13, 2*q + 8 = -r. Let w = q - -5. What is the remainder when w + (-11 + -1)*-1 is divided by 8?
6
Let s be 11/(-22) - (-42)/(-4). Let u = s - -37. What is the remainder when 76 is divided by u?
24
Let r = 1 - 2. What is the remainder when 15 is divided by (0 - -8)*r/(-2)?
3
Let z be (-8)/(-44) - (-57)/(-11). Let k = z - -5. Suppose k = -5*t - 3*w + 115, -150 = -5*t - 3*w + 7*w. What is the remainder when t is divided by 9?
8
Let t = 168 - 128. Calculate the remainder when 278 is divided by t.
38
Suppose -7*o + 4*o = 30. Let s = -4 - o. What is the remainder when (-1)/(0 + (-1)/10) is divided by s?
4
Let l(f) = f**3 + 9*f**2 + 6*f - 2. Let k(z) = -z**3 + 6*z**2 - 8*z + 7. Let m be k(5). What is the remainder when 27 is divided by l(m)?
13
Let d(r) = -3*r. Let u be d(-1). Suppose 3*y + 51 = 2*y + u*m, 0 = 4*m - 8. Let p = -25 - y. What is the remainder when p is divided by 11?
9
Suppose 0 = -2*v + 7 + 91. Calculate the remainder when v is divided by 165/6 - (-12)/(-8).
23
Let r = 3 + -2. Let y be 4*-1 - (-1)/r. Let p(u) = -9*u + 2. Calculate the remainder when p(y) is divided by 10.
9
Let f(d) = 2*d - 4. Suppose -13 = -2*x - 3. Let c be f(x). Let a = 13 - c. Calculate the remainder when a is divided by 2.
1
Let u = -43 - -63. Let l(t) = 6*t + 1. Let o be l(2). Let z = -2 + o. What is the remainder when u is divided by z?
9
Calculate the remainder when (-15)/(-3 + 28/40 - -2) is divided by 26.
24
Let c(h) = 3*h**2 + 2*h**2 - 4*h**2 + 6*h + 4. Let f be (-7)/((-1)/((-2)/2)). Calculate the remainder when 21 is divided by c(f).
10
Suppose 4*b = -4*m + 40, -m - 5*b + 8 = m. What is the remainder when 55 is divided by m?
13
Let v(w) = 6*w - 2. Let q = 14 - -2. Suppose q = -30*d + 32*d. Calculate the remainder when v(4) is divided by d.
6
Suppose -44 = -n + 2*t - 0*t, 4*t = -20. Calculate the remainder when n is divided by 19.
15
Calculate the remainder when 79 is divided by 2/4 + (-78)/(-4).
19
Let c(d) = -d**2 - 7*d + 7. Let v = -2 - 3. Let u = 24 - 18. What is the remainder when c(v) is divided by u?
5
Let x = -24 + 24. Suppose x = d - 2*d - 2*j + 19, d = 2*j + 3. What is the remainder when ((-30)/8)/(6/(-32)) is divided by d?
9
What is the remainder when 269 is divided by -6 + (-2 - -8 - -45)?
44
Suppose -q - 8 = 4*m - 5*q, 22 = -4*m - 3*q. Let f = -2 - m. Calculate the remainder when 65 is divided by f/3 - (-64)/3.
21
Let b(u) = 2*u - 1. Let s(x) = 2*x - x - 2*x. Let i(a) = -4*b(a) - 9*s(a). Calculate the remainder when 25 is divided by i(5).
7
Suppose -2*h - 71 = -5*n, 4*h - 30 = -5*n + 53. Suppose 3*f = -2*f + n. What is the remainder when (4 - f)/((-1)/(-4)) is divided by 3?
1
Suppose 2*g - 3*g = 3*b, 2*g + b = 5. Suppose g*x = 2*x + 40. Suppose 0*f - x = -5*f. Calculate the remainder when f is divided by 3.
2
Let r(d) = d**3 - 5*d**2 - 6*d + 3. Let t be r(6). What is the remainder when 8 is divided by 8 + (-5 - t/(-1))?
2
Let n(i) = -3*i + 68. Calculate the remainder when n(19) is divided by 4.
3
Let w(d) = d**2 + 6*d + 7. Let q = -7 - -2. Calculate the remainder when (-26)/(-7) - 4/(-14) is divided by w(q).
0
Let w(v) = -v**2 + 9*v + 9. Calculate the remainder when 29 is divided by w(8).
12
Let o(d) = d + 11. What is the remainder when 54 is divided by o(0)?
10
Calculate the remainder when -2 - 1 - (-415)/(-5 - -10) is divided by 14.
10
Let p(j) = j + 10. Calculate the remainder when 8 is divided by p(-6).
0
Let m(w) = -2*w + 4. Let j(p) = p + 18. Calculate the remainder when j(8) is divided by m(-5).
12
Let t = 40 + -32. What is the remainder when 21 is divided by t?
5
Let t be (-554)/8 - 3/(-12). Let z = 116 + t. Calculate the remainder when z is divided by 25.
22
Let v(r) = -4*r**2 - 7*r - 2. Suppose 0 = -3*w + 1 - 4. Let g(u) = -u**2 - u + 1. Let j(q) = w*v(q) + 3*g(q). What is the remainder when 28 is divided by j(-5)?
8
Let a be 0 + (1 - 2) - -84. Suppose -4*y + a = -1. What is the remainder when y is divided by 6?
3
Suppose -u = -0*u - 7. Suppose u = m - 1. Let p = -62 - -92. Calculate the remainder when p is divided by m.
6
Suppose 0*u + 3*j + 18 = 3*u, 21 = 4*u - j. Suppose 3*n - u = 67. Calculate the remainder when n is divided by 13.
11
Let s = 4 + 3. Suppose s = 5*h - 3. What is the remainder when h is divided by ((-8)/6)/((-4)/6)?
0
Let m = 1 - -5. Let z(c) = 5*c + 4. What is the remainder when z(m) is divided by 9?
7
What is the remainder when (-27 - -2)*((-4)/2 + -1) is divided by 19?
18
Let z be (-2)/6*(2 + -14). Suppose -4 - 16 = -z*x. Calculate the remainder when -12*(1/4 + -1) is divided by x.
4
Calculate the remainder when 8/(-20) - 264/(-10) is divided by 7.
5
Suppose v - 6 = -v + 4*k, 0 = 3*v - k - 19. Let c(r) be the second derivative of r**3/3 + 5*r**2/2 + 10*r. Calculate the remainder when c(v) is divided by 7.
5
Let n = -32 + 91. Calculate the remainder when 115 is divided by n.
56
Suppose -5*u + 0*z = 5*z - 50, 3*z - 39 = -4*u. What is the remainder when 24 is divided by u?
6
Suppose 2*z - 32 = 7*z - 2*m, -m + 31 = -5*z. Calculate the remainder when (z/(-4))/(9/72) is divided by 7.
5
Let d be 1/((-2)/4 - -1). Let j = -1 + d. Calculate the remainder when j is divided by 1.
0
Let n = 23 - 43. Let f(l) = 53*l**2 + l + 1. Let c be f(-1). Let i = n + c. Calculate the remainder when i is divided by 17.
16
Let u(s) = -5*s. Let b be u(-1). Suppose -b*j + 66 + 69 = 0. Calculate the remainder when j is divided by 15.
12
Suppose 0*q + t = 2*q - 2, 3*t + 6 = 0. Suppose -y + 9 = 3*w - 1, 2*w - 4*y - 16 = q. Let g = 17 + -10. What is the remainder when g is divided by w?
3
Suppose -5*y = -0*y. Suppose -d - m + 23 = -y*d, -7 = -d + 3*m. Suppose -97 - 15 = -2*v. What is the remainder when v is divided by d?
18
Let n(q) = 9*q**2 - 10*q + 8. What is the remainder when 43 is divided by n(1)?
1
What is the remainder when 13 is divided by (-2 + 4)*(18/4 - 1)?
6
Let l be 15*(-2)/(-7 + 1). Let i = l - -4. Let u = 4 - -1. Calculate the remainder when i is divided by u.
4
Suppose -5*f - 5*d = -90, 2*f = d + 2*d + 26. Let m be 9/(-15) - (-2)/(-5). Calculate the remainder when m*-1*31 - 1 is divided by f.
14
Let m(i) be the first derivative of i**2/2 + 6*i + 2. What is the remainder when m(6) is divided by 7?
5
Suppose -16 = 2*y - 3*y. Suppose 0 = -5*b + 43 + 2. Calculate the remainder when y is divided by b.
7
Let y(n) = 2*n**2 - 5*n + 3. Calculate the remainder when 59 is divided by y(4).
14
Let c = -1 + 5. Suppose -c*a = -a. Suppose 14 = -a*p + p. Calculate the remainder when 40 is divided by p.
12
Let a(z) = -z**2 - 14*z + 3. Let q = 26 - 39. Suppose 0 = 4*f + 4, -i + 2*f + 14 = i. What is the remainder when a(q) is divided by i?
4
Suppose 8 = 2*m + 2*m. What is the remainder when 2 is divided by m?
0
Let r(o) = 57*o**2 - 1. Calculate the remainder when r(1) is divided by 19.
18
Suppose 0*f = 5*f - 5. Calculate the remainder when (0 - f)/(1/(-23)) is divided by 8.
7
Let h = 29 + -20. What is the remainder when 34 is divided by h?
7
Let q(n) = n**3 + n**2 - n - 2. Let z be q(2). Let u = z + 4. Let x = -3 + 10. What is the remainder when u is divided by x?
5
Let b(r) = 5*r. Let m be b(1). Suppose y = m, y - 31 = -4*n - 2*y. Suppose 3*f - 18 = 3*k, k + 4 = -4*f - 2*k. Calculate the remainder when n is divided by f.
0
Let z(x) = 8*x**2 - x. Let u(v) = -7*v - 16. What is the remainder when u(-6) is divided by z(-1)?
8
Suppose 0*r + 4*r = 64. What is the remainder when -4 + 1 - -3 - -31 is divided by r?
15
Let g be 18/14 - 12/42. Suppose -v = -5 + g. Suppose 9*p + 5*w = 4*p + 25, p + 4*w + 1 = 0. Calculate the remainder when p is divided by v.
3
Suppose -u - 5 = -21. Suppose 3*g - u = g. Suppose -5*l - 4*d + 15 = -2*d, 25 = 3*l - 2*d. Calculate the remainder when g is divided by l.
3
Suppose 0 = 26*p + 61 - 321. Let l = 84 - 48. Calculate the remainder when l is divided by p.
6
Let g(y) = -28*y + 3. Let o(q) = -28*q + 4. Let t(c) = 5*g(c) - 4*o(c). What is the remainder when t(-1) is divided by 14?
13
Let z be (-2 + 3)*(-14)/(-2). Suppose 2*j + 40 = z*j. What is the remainder when 29 is divided by j?
5
Let c(a